 - (-4 + 9)
3
What is the value of 4 + (5 - 14) + -5?
-10
What is -18 - (-6 - (-4 + 9))?
-7
What is 1 + -5 + 4 + -1 + 5?
4
What is (7 + -15 - -2) + 6?
0
Evaluate 6 + (-4 - -3 - 2).
3
Evaluate (-13 - (-2 + -1) - -5) + 2.
-3
Evaluate 4 + -2 + 0 + -5.
-3
Calculate (17 - (-7 + 11)) + -8.
5
What is the value of -1 - -4 - (-7 - (-20 + 7))?
-3
What is the value of 2 + (-4 - 2) + 3?
-1
What is the value of 8 + (6 - 3) + -7?
4
Calculate 1 - (0 - 1) - (6 + -2).
-2
What is the value of -1 - ((-8 - -5) + 3)?
-1
Calculate 9 + -13 + (0 - 1).
-5
What is -2 + -7 + -1 + 8 + 7?
5
What is the value of 2 - 2 - (4 + -2)?
-2
What is 16 - (16 - (-3 + 8))?
5
What is 5 - 2 - (2 - (2 + -8))?
-5
Calculate (11 - (17 - 6 - 5)) + 2.
7
What is 1 - 6 - (-12 + 1 + 0)?
6
Calculate (5 - 0) + -1 + -9.
-5
What is the value of -7 - (-1 + -1) - -5?
0
Calculate (10 - 9) + -1 + 2.
2
What is 5 + 2 + -4 + 0?
3
-6 + (-4 - -6) - -8
4
Calculate 5 - (10 + -10) - 6.
-1
(12 + (0 - 7) - -1) + -6
0
What is the value of 2 + -5 + 8 + (3 - 4)?
4
What is the value of (5 + -3 - 3) + -18 + 23?
4
What is the value of (-3 - (1 + 2)) + 1 + 2?
-3
Evaluate 9 - (6 + (12 - 10)).
1
Evaluate -5 + (2 - -3 - 2).
-2
What is 7 + 2 + 1 + -9?
1
Evaluate (-11 - (-17 + -2)) + -13.
-5
Evaluate 5 - (5 - 5) - 1.
4
What is (-2 - -4) + 7 + -8?
1
What is 7 + (-1 - 0) - (-3 + 3)?
6
Evaluate -3 - (1 - 8) - (-1 - -9).
-4
(1 - 6 - -3) + 6
4
What is 1 + -3 + 1 - (3 - 6)?
2
What is -1 + 0 - (-11 - -3 - -7)?
0
What is -11 + 17 + -2 + -11?
-7
Evaluate 2 - (2 - -2) - -7.
5
-10 - -9 - (-8 + 1)
6
Calculate 5 - (-5 - (-3 - 8)).
-1
Calculate -1 + 1 - (-7 - (1 + -5)).
3
What is (-5 - (-3 + -6)) + -5?
-1
-5 - (5 - (-1 + 7))
-4
Calculate (-3 - -1) + 1 + -4.
-5
What is the value of 0 - -4 - (-21 - (-6 - 18))?
1
Evaluate 2 - (11 - 1) - -16.
8
What is the value of -3 + 10 + (-6 - -3 - -1)?
5
Calculate (-6 - 1) + 10 + -4 + 1.
0
Evaluate -9 + (2 - -9) + -5.
-3
What is -5 + (3 - 3 - -3)?
-2
-2 + (-2 - (-4 + 7)) + 4
-3
(6 - 5 - (-1 + 1)) + 4
5
What is the value of -8 + 1 + (5 - 7 - -14)?
5
-4 - -2 - (2 - (0 - 1))
-5
7 + (-4 + 1 - (1 - 1))
4
(-1 - -2 - 2) + 3
2
Calculate (3 - ((-1 - 1) + -1)) + -4.
2
Calculate 11 + -16 + 6 - (-5 - 0).
6
Calculate (-4 - (-3 - 2)) + 5 + 1.
7
What is the value of -7 + (-2 - -2) - -9?
2
What is -2 - ((-1 - -3 - 0) + -4)?
0
-11 + -6 + 10 - -2
-5
What is the value of 2 + -4 - -5 - 2?
1
Evaluate 22 + -27 + (1 - -4).
0
(2 - 11) + -28 + 28
-9
What is the value of 4 - (-2 - -6 - (0 - -3))?
3
5 + (1 - (8 - 9))
7
Evaluate 8 + (-4 + 7 - (8 + -2)).
5
Calculate -6 + (8 - 5) + 7.
4
Evaluate (5 - 9) + (2 - 2) - -9.
5
-14 + 29 - 28 - -5
-8
What is the value of 1 + -1 + 0 + 1 - 4?
-3
1 - (-1 + -4 + 4 + -1)
3
Evaluate 1 - (-5 + 3 + 4 + 0).
-1
What is (-3 + 3 - 4) + 9?
5
Calculate 4 + (0 - (5 - 5) - 4).
0
What is the value of 2 - (0 + -5 + 2 - -2)?
3
What is the value of (6 + 1 - 3) + -10 + 2?
-4
Evaluate -5 + -2 + 0 + 9 + -5.
-3
What is the value of -23 + 22 + 1 + -2?
-2
Calculate 2 - (-2 + 5 + -4).
3
Calculate -20 + 17 - (1 + -7).
3
Calculate -3 - (5 - 15 - -2 - -4).
1
Calculate (-15 - -6 - 0) + 5.
-4
Evaluate (0 + -1 - 0) + 3 + -7.
-5
What is the value of (-4 + 1 - -10) + -7?
0
What is 3 + 13 + -7 + -6 + -1?
2
Evaluate (-1 - -4) + (3 - 9).
-3
Calculate 0 + -10 + 4 - -2.
-4
What is the value of -1 + 4 - (-8 - -15)?
-4
What is 5 - (6 - (1 - 5 - -5))?
0
0 + -2 + -9 - -4
-7
Evaluate -2 - (-10 + (-2 - -8) + -5).
7
What is -4 + 2 + 9 + 1 + 0?
8
Evaluate (-22 - -25) + (0 - -2).
5
Evaluate -5 + 12 - (-3 + 3 - -2).
5
Calculate 6 - (-6 - (-3 - 2)).
7
54 + -51 + (-2 - 0)
1
What is the value of 1 + (6 - (8 + -3 + 5))?
-3
What is -3 + 6 + -2 + 2 - 2?
1
Calculate (-3 - 0) + 1 + 2 + -5.
-5
Evaluate (9 - 10) + 1 - (1 - 0).
-1
Calculate 3 + 1 + 1 + 0 + 0.
5
Calculate 8 + (-6 - (9 + -6)).
-1
What is -7 + -6 + 17 + -9?
-5
What is the value of -10 + 8 + 3 + (-4 - -1)?
-2
Calculate (-6 - -8) + 0 + 1.
3
Calculate -1 - -4 - 10 - -2.
-5
Evaluate -9 - -1 - (-10 - (-3 - 3)).
-4
Evaluate 3 + (5 - (-1 - -2)) - 11.
-4
3 + 0 - (-1 - (2 - 2))
4
Evaluate -4 - (0 + 1) - -4 - 4.
-5
What is the value of -3 - (3 - 0 - (1 + 0))?
-5
-3 - -2 - (-2 - (0 - 3))
-2
Evaluate -4 + 1 + (-1 - -3 - 0).
-1
Evaluate (0 - 5) + 1 + (0 - -7).
3
Calculate (-4 - -1) + 1 - (-25 + 21).
2
Calculate (0 - 1) + (1 - -5) + -16.
-11
Evaluate 6 + (-3 - (-2 + 3 + -4)).
6
-5 - -2 - (6 + -11)
2
What is 5 - (4 + 1 + -2 + -1)?
3
What is -8 + 8 - (4 + -1 - -3)?
-6
Calculate (-1 - -2) + -9 + (4 - 2).
-6
0 - (-1 - (-8 + 1 + 1))
-5
(6 + -1 + 0 - 4) + 6
7
What is 4 + 0 + -11 + (-2 - -3)?
-6
What is -4 - -1 - (3 + -5 - -2)?
-3
What is 8 - (5 + (8 - 0))?
-5
What is 3 - 0 - (-11 - (-11 + -1))?
2
What is (7 - 3 - (-8 + 6)) + -12?
-6
7 + (-11 - -9 - 12)
-7
What is the value of -8 + 0 - (11 - 13)?
-6
What is the value of -10 - -7 - -4 - 0?
1
Evaluate (-4 - (-14 + 12)) + 7 + -1.
4
Evaluate -2 + 8 - (7 + -2).
1
Calculate -9 + 5 + 7 + 2.
5
What is (-9 - -14) + (2 - 0 - -1)?
8
Evaluate -14 - -10 - (-1 - 2 - -2).
-3
What is the value of (1 - (-3 + -3)) + -3?
4
Evaluate -14 + -10 + 0 + 19.
-5
What is the value of (-1 + -6 - (53 - 52)) + 12?
4
What is the value of (-1 - ((-1 - -4) + -5)) + 2?
3
What is the value of 1 - (1 - 1 - 0 - 3)?
4
What is the value of (-1 - 4) + (3 - 7 - -6)?
-3
What is (8 - 13) + (-5 - -5)?
-5
Calculate 2 - (4 - (4 + -6)).
-4
Calculate 4 + -4 + 1 + (1 - 0).
2
Calculate 7 + -3 + 1 + -4.
1
(-9 - (2 - 7) - -4) + 2
2
Calculate (-6 - -3) + -5 + 7 - 8.
-9
Evaluate 3 + -3 + (4 - 0) + 0.
4
What is 0 + (-3 - -11) - 0?
8
6 + (1 - -2) - (7 - -1)
1
Evaluate (-3 - -4) + (2 - -1).
4
Calculate 0 + 6 + 4 + (-8 - 6).
-4
Calculate -2 - ((-4 - 2) + (-10 - -11)).
3
(-3 - -6) + 0 + 4
7
What is the value of (-7 - -2) + (3 - -8)?
6
Calculate (-8 - ((-2 - -3) + -4)) + 3.
-2
Evaluate -8 + 2 + (8 - 5).
-3
4 + -12 + 3 - (-5 + 1)
-1
What is the value of -8 + 1 + -16 + 26?
3
-9 + 15 + (-4 - (5 + -2))
-1
What is -7 + 2 - -2 - (0 - 4)?
1
What is -3 + 2 + 5 - 1 - 2?
1
What is -1 + 5 + -1 + -1 + 1?
3
What is the value of -2 - 0 - (-9 - -2)?
5
Evaluate 6 + (5 + 6 - 18).
-1
What is (5 - 7 - (1 - 1)) + -2?
-4
Calculate -15 + 19 + (0 - 7).
-3
2 - (-4 + 3 + 2)
1
Evaluate -3 + -1 + 2 - 2.
-4
Calculate 6 - (10 + -15) - 11.
0
What is 12 + -12 + -1 + -2?
-3
Evaluate -2 - -1 - 2 - 0.
-3
Evaluate 2 + -4 + (9 - 4).
3
5 + -3 + (-15 - -14)
1
Evaluate -7 + 18 - 7 - (2 - 1).
3
What is the value of -41 - -46 - (-1 - -10)?
-4
What is the value of (-2 - (4 - 7)) + -18 + 9?
-8
Evaluate 2 + 61 + -56 + (0 - 0).
7
Calculate 0 + -6 - -3 - (0 + 1).
-4
What is 2 + 0 + -1 + -1?
0
(-1 + 2 - 8) + -41 + 44
-4
(-11 - -3) + 0 - -4
-4
What is the value of -1 + 1 - (7 - 2)?
-5
What is 0 - (5 - (0 + 1))?
-4
Calculate -6 + (4 - (7 - 0)) + 5.
-4
What is the value of (1 - 8) + (7 - -4)?
4
2 - (-9 + 8 - -8)
-5
Calculate 1 + 7 + -1 + -3 + 0.
4
What is the value of 8 - (10 - -3) - -6?
1
Calculate (83 - 66) + -8 + -2.
7
What is -19 - -35 - (8 + 1)?
7
Calculate (1 - -8) + -3 + -3.
3
Evaluate -2 + 7 + -12 + 3.
-4
What is (-15 - (-4 + -1)) + 8?
-2
Evaluate 2 - (5 - (-1 + 4)).
0
Evaluate (18 - 17) + (0 - 0) + -1.
0
Evaluate 1 + (-2 - (-3 - -2)) + -2.
-2
Calculate -15 + (4 - -14) + -1 + 2.
4
What is the value of (25 - 27) + (1 - (0 - 0))?
-1
-10 + 1 + (8 - -2 - 4)
-3
Calculate (-5 - -3 - -4) + -3.
-1
-1 - ((-3 - -5) + -6)
3
What is the value of -3 + -6 + 10 + 1?
2
Evaluate 15 - (19 + -8) - (2 + -3).
5
0 + -3 + (0 + 4 - 5)
-4
Evaluate (-5 - -1) + 6 + 0 + -4.
-2
What is (-17 - -13) + -10 - -7?
-7
Calculate -2 - -2 - (10 + -15).
5
What is the value of (-1 - -5) + -2 + -5?
-3
Evaluate 5 + -3 + -5 + 6 - 2.
1
What is the value of -6 + 4 + (-1 - 1) + 3?
-1
3 - (-7 - (-3 - 6))
1
Calculate -10 + (20 - (-6 - -11)).
5
What is the value of (-3 - -1) + 4 + -7?
-5
What is (4 - 4) + (-5 - -4)?
-1
What is the value of -1 - ((-6 - -3) + -3)?
5
Evaluate (7 - (6 + -2)) + -3.
0
Evaluate 2 + (1 - (-2 - 0)).
5
(8 + -4 - 1) + (-4 - -2)
1
-1 + -3 + (-7 + 11 - -5)
5
-6 + -1 + 9 + -5 + 5
2
What is the value of 11 - (1 - 2 - -11)?
1
Calculate -12 - ((-4 - 2) + 5 + -7).
-4
Calculate 5 + 3 - 17 - -10.
1
What is the value of 2 + (-4 - 2) + 3 + 3?
2
Evaluate -1 - 12 - (-15 + (1 - -8)).
-7
Calculate 6 - -1 - (12 - 10).
5
What is -3 + (-5 - -17) + -7 + 6?
8
Evaluate (9 - (-3 - -6)) + -3 - 5.
-2
C